{"id":252,"date":"2017-01-05T20:50:23","date_gmt":"2017-01-05T20:50:23","guid":{"rendered":"http:\/\/santosaraujoinformatica.com.br\/santos\/?p=252"},"modified":"2017-06-30T20:29:27","modified_gmt":"2017-06-30T20:29:27","slug":"software-dicionario-juridico","status":"publish","type":"page","link":"https:\/\/www.santosaraujo.com.br\/santos\/software-dicionario-juridico\/","title":{"rendered":"Software Dicion\u00e1rio Jur\u00eddico &#8211; Saber Jur\u00eddico"},"content":{"rendered":"<div class=\"content\">\n<div class=\"Post\">\n<p class=\"Post-body\"><strong>S<\/strong><strong>oftware Dicion\u00e1rio Jur\u00eddico\u00a0<\/strong><strong>\u00e9 indicado para profissionais e estudantes de Direito<\/strong><br \/>\n<strong>O Software Dicion\u00e1rio Jur\u00eddico &#8211; Saber Jur\u00eddico \u00e9 um dicion\u00e1rio completo para termos jur\u00eddicos, express\u00f5es jur\u00eddicas em latim.<br \/>\n<\/strong><\/p>\n<\/div>\n<\/div>\n<p class=\"content\">O Dicion\u00e1rio Saber Jur\u00eddico permite a r\u00e1pida consulta de voc\u00e1bulos jur\u00eddicos, latinos e ainda permite que sejam realizadas anota\u00e7\u00f5es pessoais em cada voc\u00e1bulo. O visual e a interface do programa permitem que a busca dos termos inseridos nos verbetes e a localiza\u00e7\u00e3o dos mesmos seja um processo natural.<\/p>\n<p class=\"Post-body\">O Software Dicion\u00e1rio Jur\u00eddico &#8211; Saber Jur\u00eddico foi desenhado para ser utilizado como auxiliar do profissional e do estudante de Direito de forma a ficar discretamente ligado, escondido na bandeja do Windows ou ao lado do Editor de Textos e ser usado rapidamente quando necess\u00e1rio.<\/p>\n<div class=\"csRow\">\n<div class=\"csColumnGap\" style=\"margin: 0px; padding: 0px; float: left; width: 0.521%;\"><img data-recalc-dims=\"1\" decoding=\"async\" style=\"border: none;\" src=\"https:\/\/i0.wp.com\/www.santosaraujo.com.br\/santos\/wp-content\/plugins\/advanced-wp-columns\/assets\/js\/plugins\/views\/img\/1x1-pixel.png?ssl=1\" \/><\/div>\n<div class=\"csColumn\" style=\"margin: 0px; padding: 0px; float: left; width: 31.3%;\" data-csstartpoint=\"5\" data-csendpoint=\"305\" data-cswidth=\"31.3%\" data-csid=\"696a8df9-29a5-c10f-b6a8-3df43e5d77bd\"><a href=\"https:\/\/www.santosaraujo.com.br\/santos\/software-dicionario-juridico\/comprar-dicionario-saber-juridico\/\"><em><strong><h2 class=\"wp-svg-cart-3 cart-3\"><\/h2><\/strong><\/em><em><strong>Comprar<\/strong><\/em><\/a><\/div>\n<div class=\"csColumnGap\" style=\"margin: 0px; padding: 0px; float: left; width: 1.04%;\"><img data-recalc-dims=\"1\" decoding=\"async\" style=\"border: none;\" src=\"https:\/\/i0.wp.com\/www.santosaraujo.com.br\/santos\/wp-content\/plugins\/advanced-wp-columns\/assets\/js\/plugins\/views\/img\/1x1-pixel.png?ssl=1\" \/><\/div>\n<div class=\"csColumn\" style=\"margin: 0px; padding: 0px; float: left; width: 32.3%;\" data-csstartpoint=\"315\" data-csendpoint=\"625\" data-cswidth=\"32.3%\" data-csid=\"2d7a97c7-d2ee-63fd-92da-d820d5ab1c58\"><a href=\"https:\/\/www.santosaraujo.com.br\/santos\/software-dicionario-juridico\/download-do-software-dicionario-saber-juridico-2008-resultado\/\"><em><strong><h2 class=\"wp-svg-download download\"><\/h2><\/strong><\/em><em><strong>Avaliar<\/strong><\/em><\/a><img data-recalc-dims=\"1\" decoding=\"async\" style=\"border: none;\" src=\"https:\/\/i0.wp.com\/www.santosaraujo.com.br\/santos\/wp-content\/plugins\/advanced-wp-columns\/assets\/js\/plugins\/views\/img\/1x1-pixel.png?ssl=1\" \/><\/div>\n<div style=\"clear: both; float: none; display: block; visibility: hidden; width: 0px; font-size: 0px; line-height: 0;\"><\/div>\n<\/div>\n<hr \/>\n<div class=\"content\">\n<div class=\"Post\">\n<div class=\"Post-body\">\n<h2>Caracter\u00edsticas do\u00a0Dicion\u00e1rio Jur\u00eddico<\/h2>\n<p>Mais de 13000 verbetes jur\u00eddicos<br \/>\nTermos em Latim<br \/>\nPossibilidade de editar Notas<br \/>\nMarca\u00e7\u00e3o de Preferidos<br \/>\nBusca Parcial por partes do Verbete<br \/>\nF\u00e1cil Visualiza\u00e7\u00e3o<br \/>\nFunciona em todas as vers\u00f5es \u00e0 partir do Windows 95 at\u00e9 o Windows Vista (produtos Microsoft)<\/p>\n<h2>Requisitos M\u00ednimos de Hardware e Software<\/h2>\n<\/div>\n<\/div>\n<\/div>\n<div class=\"sidebar2\">\n<div class=\"Block\">\n<div class=\"Block-body\">\n<p class=\"BlockHeader\">Computador Pentium 100<br \/>\n64MB de Mem\u00f3ria Ram<br \/>\n30MB de espa\u00e7o livre em winchester<br \/>\nWindows 95 ou Superior<\/p>\n<div class=\"BlockContent\">\n<h2 class=\"BlockContent-cl\"><\/h2>\n<h2 class=\"BlockContent-cl\">Telas do\u00a0Software Dicion\u00e1rio Jur\u00eddico<\/h2>\n<\/div>\n<\/div>\n<\/div>\n<\/div>\n<h3>Tela mostrando letra A<\/h3>\n<p><img data-recalc-dims=\"1\" fetchpriority=\"high\" decoding=\"async\" src=\"https:\/\/i0.wp.com\/www.santosaraujoinformatica.com.br\/dicsj2008\/Dicionario_001.jpg?resize=441%2C686\" alt=\"http:\/\/www.santosaraujoinformatica.com.br\/dicsj2008\/Dicionario_001.jpg\" width=\"441\" height=\"686\" border=\"0\" \/><\/p>\n<h3>Tela mostrando um verbete<\/h3>\n<p><img data-recalc-dims=\"1\" decoding=\"async\" src=\"https:\/\/i0.wp.com\/www.santosaraujoinformatica.com.br\/dicsj2008\/Dicionario_003.jpg?resize=441%2C686\" alt=\"http:\/\/www.santosaraujoinformatica.com.br\/dicsj2008\/Dicionario_003.jpg\" width=\"441\" height=\"686\" border=\"0\" \/><\/p>\n<h3>Tela mostrando os recentes<\/h3>\n<p><img data-recalc-dims=\"1\" decoding=\"async\" title=\"Tela Software Dicion\u00e1rio Jur\u00eddico - mostrando os recentes\" src=\"https:\/\/i0.wp.com\/www.santosaraujoinformatica.com.br\/dicsj2008\/Dicionario_004.jpg?resize=472%2C734\" alt=\"http:\/\/www.santosaraujoinformatica.com.br\/dicsj2008\/Dicionario_004.jpg\" width=\"472\" height=\"734\" border=\"0\" \/><\/p>\n","protected":false},"excerpt":{"rendered":"<p>Software Dicion\u00e1rio Jur\u00eddico\u00a0\u00e9 indicado para profissionais e estudantes de Direito O Software Dicion\u00e1rio Jur\u00eddico &#8211; Saber Jur\u00eddico \u00e9 um dicion\u00e1rio completo para termos jur\u00eddicos, express\u00f5es jur\u00eddicas em latim. O Dicion\u00e1rio Saber Jur\u00eddico permite a r\u00e1pida consulta de voc\u00e1bulos jur\u00eddicos, latinos e ainda permite que sejam realizadas anota\u00e7\u00f5es pessoais em cada voc\u00e1bulo. O visual e a interface do programa permitem que a busca dos termos inseridos nos verbetes e a localiza\u00e7\u00e3o dos mesmos seja um processo natural. O Software Dicion\u00e1rio Jur\u00eddico &#8211; Saber Jur\u00eddico foi desenhado para ser utilizado como auxiliar do profissional e do estudante de Direito de forma a ficar discretamente ligado, escondido na bandeja do Windows ou ao lado do Editor de Textos e ser usado rapidamente quando necess\u00e1rio. Comprar Avaliar Caracter\u00edsticas do\u00a0Dicion\u00e1rio Jur\u00eddico Mais de 13000 verbetes jur\u00eddicos Termos em Latim Possibilidade de editar Notas Marca\u00e7\u00e3o de Preferidos Busca Parcial por partes do Verbete F\u00e1cil Visualiza\u00e7\u00e3o Funciona em todas as vers\u00f5es \u00e0 partir do Windows 95 at\u00e9 o Windows Vista (produtos Microsoft) Requisitos M\u00ednimos de Hardware e Software Computador Pentium 100 64MB de Mem\u00f3ria Ram 30MB de espa\u00e7o livre em winchester Windows 95 ou Superior Telas do\u00a0Software Dicion\u00e1rio Jur\u00eddico Tela mostrando letra A Tela mostrando um verbete Tela mostrando os recentes<\/p>\n","protected":false},"author":1,"featured_media":1529,"parent":0,"menu_order":0,"comment_status":"open","ping_status":"open","template":"","meta":{"_eb_attr":"","_uag_custom_page_level_css":"","_exactmetrics_skip_tracking":false,"_exactmetrics_sitenote_active":false,"_exactmetrics_sitenote_note":"","_exactmetrics_sitenote_category":0,"_uf_show_specific_survey":0,"_uf_disable_surveys":false,"site-sidebar-layout":"default","site-content-layout":"","ast-site-content-layout":"default","site-content-style":"default","site-sidebar-style":"default","ast-global-header-display":"","ast-banner-title-visibility":"","ast-main-header-display":"","ast-hfb-above-header-display":"","ast-hfb-below-header-display":"","ast-hfb-mobile-header-display":"","site-post-title":"","ast-breadcrumbs-content":"","ast-featured-img":"","footer-sml-layout":"","theme-transparent-header-meta":"","adv-header-id-meta":"","stick-header-meta":"","header-above-stick-meta":"","header-main-stick-meta":"","header-below-stick-meta":"","astra-migrate-meta-layouts":"default","ast-page-background-enabled":"default","ast-page-background-meta":{"desktop":{"background-color":"var(--ast-global-color-4)","background-image":"","background-repeat":"repeat","background-position":"center center","background-size":"auto","background-attachment":"scroll","background-type":"","background-media":"","overlay-type":"","overlay-color":"","overlay-opacity":"","overlay-gradient":""},"tablet":{"background-color":"","background-image":"","background-repeat":"repeat","background-position":"center center","background-size":"auto","background-attachment":"scroll","background-type":"","background-media":"","overlay-type":"","overlay-color":"","overlay-opacity":"","overlay-gradient":""},"mobile":{"background-color":"","background-image":"","background-repeat":"repeat","background-position":"center center","background-size":"auto","background-attachment":"scroll","background-type":"","background-media":"","overlay-type":"","overlay-color":"","overlay-opacity":"","overlay-gradient":""}},"ast-content-background-meta":{"desktop":{"background-color":"var(--ast-global-color-5)","background-image":"","background-repeat":"repeat","background-position":"center center","background-size":"auto","background-attachment":"scroll","background-type":"","background-media":"","overlay-type":"","overlay-color":"","overlay-opacity":"","overlay-gradient":""},"tablet":{"background-color":"var(--ast-global-color-5)","background-image":"","background-repeat":"repeat","background-position":"center center","background-size":"auto","background-attachment":"scroll","background-type":"","background-media":"","overlay-type":"","overlay-color":"","overlay-opacity":"","overlay-gradient":""},"mobile":{"background-color":"var(--ast-global-color-5)","background-image":"","background-repeat":"repeat","background-position":"center center","background-size":"auto","background-attachment":"scroll","background-type":"","background-media":"","overlay-type":"","overlay-color":"","overlay-opacity":"","overlay-gradient":""}},"_joinchat":[],"footnotes":""},"class_list":["post-252","page","type-page","status-publish","has-post-thumbnail","hentry"],"aioseo_notices":[],"yoast_head":"\n<title>Software Dicion\u00e1rio Jur\u00eddico - Saber Jur\u00eddico -<\/title>\n<meta name=\"description\" content=\"O Software Dicion\u00e1rio Jur\u00eddico Saber Jur\u00eddico \u00e9 um dicion\u00e1rio completo para termos jur\u00eddicos, express\u00f5es jur\u00eddicas em latim, com v\u00e1rias de op\u00e7\u00f5es de busca.\" \/>\n<meta name=\"robots\" content=\"index, follow, max-snippet:-1, max-image-preview:large, max-video-preview:-1\" \/>\n<link rel=\"canonical\" href=\"https:\/\/www.santosaraujo.com.br\/santos\/software-dicionario-juridico\/\" \/>\n<meta property=\"og:locale\" content=\"pt_BR\" \/>\n<meta property=\"og:type\" content=\"article\" \/>\n<meta property=\"og:title\" content=\"Software Dicion\u00e1rio Jur\u00eddico - Saber Jur\u00eddico -\" \/>\n<meta property=\"og:description\" content=\"O Software Dicion\u00e1rio Jur\u00eddico Saber Jur\u00eddico \u00e9 um dicion\u00e1rio completo para termos jur\u00eddicos, express\u00f5es jur\u00eddicas em latim, com v\u00e1rias de op\u00e7\u00f5es de busca.\" \/>\n<meta property=\"og:url\" content=\"https:\/\/www.santosaraujo.com.br\/santos\/software-dicionario-juridico\/\" \/>\n<meta property=\"article:publisher\" content=\"https:\/\/facebook.com\/santosaraujoinfo\" \/>\n<meta property=\"article:modified_time\" content=\"2017-06-30T20:29:27+00:00\" \/>\n<meta property=\"og:image\" content=\"https:\/\/www.santosaraujo.com.br\/santos\/wp-content\/uploads\/2017\/05\/DicionarioJuridico.png\" \/>\n\t<meta property=\"og:image:width\" content=\"900\" \/>\n\t<meta property=\"og:image:height\" content=\"352\" \/>\n\t<meta property=\"og:image:type\" content=\"image\/png\" \/>\n<meta name=\"twitter:card\" content=\"summary_large_image\" \/>\n<meta name=\"twitter:site\" content=\"@SantosAraujoInf\" \/>\n<meta name=\"twitter:label1\" content=\"Est. tempo de leitura\" \/>\n\t<meta name=\"twitter:data1\" content=\"1 minuto\" \/>\n<script type=\"application\/ld+json\" class=\"yoast-schema-graph\">{\"@context\":\"https:\/\/schema.org\",\"@graph\":[{\"@type\":\"WebPage\",\"@id\":\"https:\/\/www.santosaraujo.com.br\/santos\/software-dicionario-juridico\/\",\"url\":\"https:\/\/www.santosaraujo.com.br\/santos\/software-dicionario-juridico\/\",\"name\":\"Software Dicion\u00e1rio Jur\u00eddico - Saber Jur\u00eddico -\",\"isPartOf\":{\"@id\":\"https:\/\/www.santosaraujo.com.br\/santos\/#website\"},\"primaryImageOfPage\":{\"@id\":\"https:\/\/www.santosaraujo.com.br\/santos\/software-dicionario-juridico\/#primaryimage\"},\"image\":{\"@id\":\"https:\/\/www.santosaraujo.com.br\/santos\/software-dicionario-juridico\/#primaryimage\"},\"thumbnailUrl\":\"https:\/\/i0.wp.com\/www.santosaraujo.com.br\/santos\/wp-content\/uploads\/2017\/05\/DicionarioJuridico.png?fit=900%2C352&ssl=1\",\"datePublished\":\"2017-01-05T20:50:23+00:00\",\"dateModified\":\"2017-06-30T20:29:27+00:00\",\"description\":\"O Software Dicion\u00e1rio Jur\u00eddico Saber Jur\u00eddico \u00e9 um dicion\u00e1rio completo para termos jur\u00eddicos, express\u00f5es jur\u00eddicas em latim, com v\u00e1rias de op\u00e7\u00f5es de busca.\",\"breadcrumb\":{\"@id\":\"https:\/\/www.santosaraujo.com.br\/santos\/software-dicionario-juridico\/#breadcrumb\"},\"inLanguage\":\"pt-BR\",\"potentialAction\":[{\"@type\":\"ReadAction\",\"target\":[\"https:\/\/www.santosaraujo.com.br\/santos\/software-dicionario-juridico\/\"]}]},{\"@type\":\"ImageObject\",\"inLanguage\":\"pt-BR\",\"@id\":\"https:\/\/www.santosaraujo.com.br\/santos\/software-dicionario-juridico\/#primaryimage\",\"url\":\"https:\/\/i0.wp.com\/www.santosaraujo.com.br\/santos\/wp-content\/uploads\/2017\/05\/DicionarioJuridico.png?fit=900%2C352&ssl=1\",\"contentUrl\":\"https:\/\/i0.wp.com\/www.santosaraujo.com.br\/santos\/wp-content\/uploads\/2017\/05\/DicionarioJuridico.png?fit=900%2C352&ssl=1\",\"width\":\"900\",\"height\":\"352\",\"caption\":\"Software Dicionario Jur\u00eddico\"},{\"@type\":\"BreadcrumbList\",\"@id\":\"https:\/\/www.santosaraujo.com.br\/santos\/software-dicionario-juridico\/#breadcrumb\",\"itemListElement\":[{\"@type\":\"ListItem\",\"position\":1,\"name\":\"In\u00edcio\",\"item\":\"https:\/\/www.santosaraujo.com.br\/santos\/\"},{\"@type\":\"ListItem\",\"position\":2,\"name\":\"Software Dicion\u00e1rio Jur\u00eddico &#8211; Saber Jur\u00eddico\"}]},{\"@type\":\"WebSite\",\"@id\":\"https:\/\/www.santosaraujo.com.br\/santos\/#website\",\"url\":\"https:\/\/www.santosaraujo.com.br\/santos\/\",\"name\":\"\",\"description\":\"Santos Araujo Inform\u00e1tica \u00e9 especializada em Softwares de Cobran\u00e7a, Jur\u00eddicos, IR (Imposto de Renda) , Politicos, Condom\u00ednios.\",\"publisher\":{\"@id\":\"https:\/\/www.santosaraujo.com.br\/santos\/#organization\"},\"potentialAction\":[{\"@type\":\"SearchAction\",\"target\":{\"@type\":\"EntryPoint\",\"urlTemplate\":\"https:\/\/www.santosaraujo.com.br\/santos\/?s={search_term_string}\"},\"query-input\":{\"@type\":\"PropertyValueSpecification\",\"valueRequired\":true,\"valueName\":\"search_term_string\"}}],\"inLanguage\":\"pt-BR\"},{\"@type\":\"Organization\",\"@id\":\"https:\/\/www.santosaraujo.com.br\/santos\/#organization\",\"name\":\"Santos Araujo Inform\u00e1tica\",\"url\":\"https:\/\/www.santosaraujo.com.br\/santos\/\",\"logo\":{\"@type\":\"ImageObject\",\"inLanguage\":\"pt-BR\",\"@id\":\"https:\/\/www.santosaraujo.com.br\/santos\/#\/schema\/logo\/image\/\",\"url\":\"https:\/\/i0.wp.com\/www.santosaraujo.com.br\/santos\/wp-content\/uploads\/2024\/12\/cropped-Prancheta-2.png?fit=1943%2C615&ssl=1\",\"contentUrl\":\"https:\/\/i0.wp.com\/www.santosaraujo.com.br\/santos\/wp-content\/uploads\/2024\/12\/cropped-Prancheta-2.png?fit=1943%2C615&ssl=1\",\"width\":1943,\"height\":615,\"caption\":\"Santos Araujo Inform\u00e1tica\"},\"image\":{\"@id\":\"https:\/\/www.santosaraujo.com.br\/santos\/#\/schema\/logo\/image\/\"},\"sameAs\":[\"https:\/\/facebook.com\/santosaraujoinfo\",\"https:\/\/x.com\/SantosAraujoInf\",\"https:\/\/www.instagram.com\/santosaraujoinfo\/\",\"https:\/\/www.pinterest.com\/santosaraujoinformtica\/\"]}]}<\/script>\n","yoast_head_json":{"title":"Software Dicion\u00e1rio Jur\u00eddico - Saber Jur\u00eddico -","description":"O Software Dicion\u00e1rio Jur\u00eddico Saber Jur\u00eddico \u00e9 um dicion\u00e1rio completo para termos jur\u00eddicos, express\u00f5es jur\u00eddicas em latim, com v\u00e1rias de op\u00e7\u00f5es de busca.","robots":{"index":"index","follow":"follow","max-snippet":"max-snippet:-1","max-image-preview":"max-image-preview:large","max-video-preview":"max-video-preview:-1"},"canonical":"https:\/\/www.santosaraujo.com.br\/santos\/software-dicionario-juridico\/","og_locale":"pt_BR","og_type":"article","og_title":"Software Dicion\u00e1rio Jur\u00eddico - Saber Jur\u00eddico -","og_description":"O Software Dicion\u00e1rio Jur\u00eddico Saber Jur\u00eddico \u00e9 um dicion\u00e1rio completo para termos jur\u00eddicos, express\u00f5es jur\u00eddicas em latim, com v\u00e1rias de op\u00e7\u00f5es de busca.","og_url":"https:\/\/www.santosaraujo.com.br\/santos\/software-dicionario-juridico\/","article_publisher":"https:\/\/facebook.com\/santosaraujoinfo","article_modified_time":"2017-06-30T20:29:27+00:00","og_image":[{"width":900,"height":352,"url":"https:\/\/www.santosaraujo.com.br\/santos\/wp-content\/uploads\/2017\/05\/DicionarioJuridico.png","type":"image\/png"}],"twitter_card":"summary_large_image","twitter_site":"@SantosAraujoInf","twitter_misc":{"Est. tempo de leitura":"1 minuto"},"schema":{"@context":"https:\/\/schema.org","@graph":[{"@type":"WebPage","@id":"https:\/\/www.santosaraujo.com.br\/santos\/software-dicionario-juridico\/","url":"https:\/\/www.santosaraujo.com.br\/santos\/software-dicionario-juridico\/","name":"Software Dicion\u00e1rio Jur\u00eddico - Saber Jur\u00eddico -","isPartOf":{"@id":"https:\/\/www.santosaraujo.com.br\/santos\/#website"},"primaryImageOfPage":{"@id":"https:\/\/www.santosaraujo.com.br\/santos\/software-dicionario-juridico\/#primaryimage"},"image":{"@id":"https:\/\/www.santosaraujo.com.br\/santos\/software-dicionario-juridico\/#primaryimage"},"thumbnailUrl":"https:\/\/i0.wp.com\/www.santosaraujo.com.br\/santos\/wp-content\/uploads\/2017\/05\/DicionarioJuridico.png?fit=900%2C352&ssl=1","datePublished":"2017-01-05T20:50:23+00:00","dateModified":"2017-06-30T20:29:27+00:00","description":"O Software Dicion\u00e1rio Jur\u00eddico Saber Jur\u00eddico \u00e9 um dicion\u00e1rio completo para termos jur\u00eddicos, express\u00f5es jur\u00eddicas em latim, com v\u00e1rias de op\u00e7\u00f5es de busca.","breadcrumb":{"@id":"https:\/\/www.santosaraujo.com.br\/santos\/software-dicionario-juridico\/#breadcrumb"},"inLanguage":"pt-BR","potentialAction":[{"@type":"ReadAction","target":["https:\/\/www.santosaraujo.com.br\/santos\/software-dicionario-juridico\/"]}]},{"@type":"ImageObject","inLanguage":"pt-BR","@id":"https:\/\/www.santosaraujo.com.br\/santos\/software-dicionario-juridico\/#primaryimage","url":"https:\/\/i0.wp.com\/www.santosaraujo.com.br\/santos\/wp-content\/uploads\/2017\/05\/DicionarioJuridico.png?fit=900%2C352&ssl=1","contentUrl":"https:\/\/i0.wp.com\/www.santosaraujo.com.br\/santos\/wp-content\/uploads\/2017\/05\/DicionarioJuridico.png?fit=900%2C352&ssl=1","width":"900","height":"352","caption":"Software Dicionario Jur\u00eddico"},{"@type":"BreadcrumbList","@id":"https:\/\/www.santosaraujo.com.br\/santos\/software-dicionario-juridico\/#breadcrumb","itemListElement":[{"@type":"ListItem","position":1,"name":"In\u00edcio","item":"https:\/\/www.santosaraujo.com.br\/santos\/"},{"@type":"ListItem","position":2,"name":"Software Dicion\u00e1rio Jur\u00eddico &#8211; Saber Jur\u00eddico"}]},{"@type":"WebSite","@id":"https:\/\/www.santosaraujo.com.br\/santos\/#website","url":"https:\/\/www.santosaraujo.com.br\/santos\/","name":"","description":"Santos Araujo Inform\u00e1tica \u00e9 especializada em Softwares de Cobran\u00e7a, Jur\u00eddicos, IR (Imposto de Renda) , Politicos, Condom\u00ednios.","publisher":{"@id":"https:\/\/www.santosaraujo.com.br\/santos\/#organization"},"potentialAction":[{"@type":"SearchAction","target":{"@type":"EntryPoint","urlTemplate":"https:\/\/www.santosaraujo.com.br\/santos\/?s={search_term_string}"},"query-input":{"@type":"PropertyValueSpecification","valueRequired":true,"valueName":"search_term_string"}}],"inLanguage":"pt-BR"},{"@type":"Organization","@id":"https:\/\/www.santosaraujo.com.br\/santos\/#organization","name":"Santos Araujo Inform\u00e1tica","url":"https:\/\/www.santosaraujo.com.br\/santos\/","logo":{"@type":"ImageObject","inLanguage":"pt-BR","@id":"https:\/\/www.santosaraujo.com.br\/santos\/#\/schema\/logo\/image\/","url":"https:\/\/i0.wp.com\/www.santosaraujo.com.br\/santos\/wp-content\/uploads\/2024\/12\/cropped-Prancheta-2.png?fit=1943%2C615&ssl=1","contentUrl":"https:\/\/i0.wp.com\/www.santosaraujo.com.br\/santos\/wp-content\/uploads\/2024\/12\/cropped-Prancheta-2.png?fit=1943%2C615&ssl=1","width":1943,"height":615,"caption":"Santos Araujo Inform\u00e1tica"},"image":{"@id":"https:\/\/www.santosaraujo.com.br\/santos\/#\/schema\/logo\/image\/"},"sameAs":["https:\/\/facebook.com\/santosaraujoinfo","https:\/\/x.com\/SantosAraujoInf","https:\/\/www.instagram.com\/santosaraujoinfo\/","https:\/\/www.pinterest.com\/santosaraujoinformtica\/"]}]}},"uagb_featured_image_src":{"full":["https:\/\/i0.wp.com\/www.santosaraujo.com.br\/santos\/wp-content\/uploads\/2017\/05\/DicionarioJuridico.png?fit=900%2C352&ssl=1",900,352,false],"thumbnail":["https:\/\/i0.wp.com\/www.santosaraujo.com.br\/santos\/wp-content\/uploads\/2017\/05\/DicionarioJuridico.png?resize=150%2C150&ssl=1",150,150,true],"medium":["https:\/\/i0.wp.com\/www.santosaraujo.com.br\/santos\/wp-content\/uploads\/2017\/05\/DicionarioJuridico.png?fit=300%2C117&ssl=1",300,117,true],"medium_large":["https:\/\/i0.wp.com\/www.santosaraujo.com.br\/santos\/wp-content\/uploads\/2017\/05\/DicionarioJuridico.png?fit=768%2C300&ssl=1",768,300,true],"large":["https:\/\/i0.wp.com\/www.santosaraujo.com.br\/santos\/wp-content\/uploads\/2017\/05\/DicionarioJuridico.png?fit=900%2C352&ssl=1",900,352,true],"1536x1536":["https:\/\/i0.wp.com\/www.santosaraujo.com.br\/santos\/wp-content\/uploads\/2017\/05\/DicionarioJuridico.png?fit=900%2C352&ssl=1",900,352,true],"2048x2048":["https:\/\/i0.wp.com\/www.santosaraujo.com.br\/santos\/wp-content\/uploads\/2017\/05\/DicionarioJuridico.png?fit=900%2C352&ssl=1",900,352,true],"featured-slide":["https:\/\/i0.wp.com\/www.santosaraujo.com.br\/santos\/wp-content\/uploads\/2017\/05\/DicionarioJuridico.png?resize=900%2C200&ssl=1",900,200,true],"featured-slide-thumb":["https:\/\/i0.wp.com\/www.santosaraujo.com.br\/santos\/wp-content\/uploads\/2017\/05\/DicionarioJuridico.png?fit=250%2C98&ssl=1",250,98,true]},"uagb_author_info":{"display_name":"Oswaldo Santos Araujo","author_link":"https:\/\/www.santosaraujo.com.br\/santos\/author\/sainfo\/"},"uagb_comment_info":0,"uagb_excerpt":"Software Dicion\u00e1rio Jur\u00eddico\u00a0\u00e9 indicado para profissionais e estudantes de Direito O Software Dicion\u00e1rio Jur\u00eddico &#8211; Saber Jur\u00eddico \u00e9 um dicion\u00e1rio completo para termos jur\u00eddicos, express\u00f5es jur\u00eddicas em latim. O Dicion\u00e1rio Saber Jur\u00eddico permite a r\u00e1pida consulta de voc\u00e1bulos jur\u00eddicos, latinos e ainda permite que sejam realizadas anota\u00e7\u00f5es pessoais em cada voc\u00e1bulo. O visual e a&hellip;","jetpack_sharing_enabled":true,"_links":{"self":[{"href":"https:\/\/www.santosaraujo.com.br\/santos\/wp-json\/wp\/v2\/pages\/252","targetHints":{"allow":["GET"]}}],"collection":[{"href":"https:\/\/www.santosaraujo.com.br\/santos\/wp-json\/wp\/v2\/pages"}],"about":[{"href":"https:\/\/www.santosaraujo.com.br\/santos\/wp-json\/wp\/v2\/types\/page"}],"author":[{"embeddable":true,"href":"https:\/\/www.santosaraujo.com.br\/santos\/wp-json\/wp\/v2\/users\/1"}],"replies":[{"embeddable":true,"href":"https:\/\/www.santosaraujo.com.br\/santos\/wp-json\/wp\/v2\/comments?post=252"}],"version-history":[{"count":21,"href":"https:\/\/www.santosaraujo.com.br\/santos\/wp-json\/wp\/v2\/pages\/252\/revisions"}],"predecessor-version":[{"id":1716,"href":"https:\/\/www.santosaraujo.com.br\/santos\/wp-json\/wp\/v2\/pages\/252\/revisions\/1716"}],"wp:featuredmedia":[{"embeddable":true,"href":"https:\/\/www.santosaraujo.com.br\/santos\/wp-json\/wp\/v2\/media\/1529"}],"wp:attachment":[{"href":"https:\/\/www.santosaraujo.com.br\/santos\/wp-json\/wp\/v2\/media?parent=252"}],"curies":[{"name":"wp","href":"https:\/\/api.w.org\/{rel}","templated":true}]}}